x**2 + 2*x - 7. Let z be w(7). What is the greatest common factor of u and z?
7
Let s = -11 - -11. Suppose -5*q + 5*y + 360 = -s*y, 5*q + 4*y = 387. What is the greatest common factor of 25 and q?
25
Let a(i) = -i + 8. Let z be a(4). Suppose -4*b + 44 = z. Calculate the highest common factor of b and 4.
2
Let b be ((-42)/15)/(2/(-5)). What is the greatest common factor of 84 and b?
7
Suppose 5*a + t = 14 - 1, -8 = -a - 2*t. Let c(x) = 23*x**2 + 2*x + 1. Let k be c(-1). What is the greatest common factor of k and a?
2
Let i = 55 + -111. Let b = -36 - i. What is the highest common factor of 4 and b?
4
Let r(p) = p + 3. Let g be -19 + 3 - 2/(-1). Let u be -4*g*(-1)/(-8). Let k be r(u). What is the greatest common factor of k and 4?
2
Let s(n) = n**2 - n - 1. Let u be s(-1). Suppose -3*p = 5*p - 8. Calculate the greatest common factor of p and u.
1
Let t be (-1)/4 - (-328)/32. Suppose t*m = 5*m + 75. What is the highest common factor of 30 and m?
15
Let h(g) = -2*g**2 + 2. Let q be h(2). Let l(j) = -18*j. Let u be l(q). What is the greatest common divisor of 12 and u?
12
Let t be (-1 - 0)/((-2)/6). Let l be (-2)/2*(0 + 1). Let c be (l + 241)/t - 0. Calculate the highest common divisor of c and 16.
16
Let k = -23 + 42. Let c = k - -11. What is the highest common factor of 45 and c?
15
Suppose -5*b + 495 = -2*b. Let g be -14 + 13 - -8*1*2. What is the greatest common factor of b and g?
15
Let s = -53 + 34. Let l = s - -29. Calculate the greatest common factor of 40 and l.
10
Suppose -3 = q - 4*q. Let x be (q - 1)*(-1 + 0). Let f = x + 5. What is the greatest common divisor of f and 1?
1
Let x(l) = -l**3 + 13*l**2 - 8*l + 5. Let b be x(12). Let c = b - 28. What is the greatest common divisor of 25 and c?
25
Let u be (-30)/4*(-32)/10. Let m = 6 + 30. What is the highest common divisor of m and u?
12
Let n(v) = 23*v - 6. Let g be n(2). Calculate the highest common divisor of g and 20.
20
Let u = -98 + 134. What is the highest common divisor of 9 and u?
9
Let v be (-6)/(-2)*(-21)/(-9). What is the highest common factor of 35 and v?
7
Suppose t = -l + 201, 2*t + 414 = 2*l - 2*t. What is the greatest common factor of 29 and l?
29
Let x(q) = -4*q + 3. Let u be x(-2). Suppose -420 = -u*y + 7*y. Calculate the highest common divisor of 42 and y.
21
Let b(v) = -4*v**2 + 22*v + 17. Let f be b(6). What is the greatest common divisor of f and 15?
5
Let v be 3/(-6) - (-178)/4. Calculate the greatest common factor of v and 4.
4
Let x = 12 - 2. Calculate the highest common factor of 40 and x.
10
Suppose 4*w - n - 101 = -30, 3*w + 2*n - 56 = 0. Calculate the greatest common divisor of w and 6.
6
Suppose -1 = j - 58. Suppose -3*b + 7*l = 2*l - 53, j = 3*b - 3*l. Let f be (-2)/4 - (-15)/2. Calculate the greatest common divisor of f and b.
7
Suppose -5*d + 2*y + 259 = -269, -3*y + 300 = 3*d. Calculate the greatest common divisor of d and 39.
13
Suppose -1 = -2*c + 53. Let o be 6/c + (-50)/(-18). Suppose -2*p + o*p - 108 = 0. What is the highest common divisor of 12 and p?
12
Suppose 0 = -4*u + 47 + 25. Calculate the greatest common divisor of 90 and u.
18
Let g be (-1)/(534/537 + -1). Let o be g/4 - (-2)/8. What is the greatest common factor of o and 5?
5
Let r = 58 + -43. Calculate the highest common factor of 135 and r.
15
Suppose 0 = -2*f - u - 8 - 2, -5*u + 6 = -4*f. Let k = -20 - -41. Let m be f/10*(1 - k). Calculate the greatest common factor of 20 and m.
4
Suppose 15 = v - 2*l - 0*l, -2*l = 2*v. Suppose -28 = -3*y - 5*t, 0*t + 5*t + 60 = v*y. Calculate the greatest common divisor of y and 77.
11
Suppose -3*m + 2*v + 1 = -9, -3*v + 4 = 5*m. Suppose 3*z - m*z - 117 = 0. Calculate the highest common divisor of z and 13.
13
Suppose 2*o - 3*o = 4, -3*o - 118 = -2*f. Let t = f - 26. Let w(d) = -5*d + 4. Let g be w(-1). Calculate the highest common divisor of t and g.
9
Let j be 0*(-2)/(-10) - -216. Calculate the highest common factor of j and 27.
27
Suppose 6*s - 42 = 4*s. Let d = s - -42. What is the highest common factor of 21 and d?
21
Suppose 12 = -3*z + 4*z. Calculate the highest common divisor of 132 and z.
12
Let z(y) = -y + 50. Let f be z(30). What is the greatest common factor of 120 and f?
20
Suppose 4*x - 35 - 5 = 0. What is the greatest common factor of 2 and x?
2
Let b(r) = -r**2 + 7*r + 5. Let g be b(9). Let q = g - -25. Calculate the greatest common factor of 24 and q.
12
Let c(i) = i - 1. Let d(m) = -m + 4. Suppose -5*p + 3*p = 6. Let x(z) = p*d(z) - 6*c(z). Let j be x(-6). Calculate the highest common factor of 24 and j.
12
Let c be 1/2*(1 + 119). What is the greatest common factor of c and 15?
15
Let g = -5 + 1. Let j = 1 - -7. Let d = j + g. What is the highest common divisor of d and 44?
4
Let c = -10 - -1. Let j be c/(-4)*96/18. What is the greatest common divisor of j and 96?
12
Suppose -14 = -5*w + 56. Suppose -6*q = -q - 3*n - 22, q - 2 = 3*n. Let r be 212/5 - 2/q. Calculate the highest common factor of r and w.
14
Let q be (-82)/(-3) + (-2)/6. Let f = 115 - q. What is the greatest common divisor of f and 8?
8
Let i = 3 + 1. Suppose 0 = -i*o + 6 + 30. What is the highest common divisor of o and 99?
9
Let l be ((-8)/(-6) + -1)/((-2)/(-168)). Calculate the highest common factor of 252 and l.
28
Let x(k) = 2*k - 12. Let i be x(9). Suppose i*q - 3*q = 114. What is the highest common factor of 19 and q?
19
Let m be (-179)/(-7) + (-48)/(-112). Let c = 4 + m. What is the highest common factor of c and 12?
6
Let r = -16 - -43. Let t be (7 - 1) + (-21)/7. What is the greatest common divisor of t and r?
3
Let i(o) = o**2 - o. Let j(v) = -v**2 - v. Let q be j(0). Let m be i(q). Let l be 195/6*(m + 2). Calculate the greatest common factor of l and 26.
13
Suppose -2*v + 514 = 3*r, 4*v = -0*r + r - 162. Let x = 2 - 5. Let y be x/2*r/(-15). What is the highest common divisor of 136 and y?
17
Suppose -5*m - 1 = -6. Let y be (-105)/(-5) - (m - 4). Calculate the greatest common factor of y and 36.
12
Suppose -5*i + 6 = -3*i. Suppose 0 = i*z - 312 + 102. Calculate the highest common factor of z and 14.
14
Suppose 2*m + 4 = 4*m. Suppose 0 = -2*v - 4, -4*p + 0*v = -4*v - 20. Suppose -p*g = -3*d, 4*g + 2*d = 2*g + 4. Calculate the highest common divisor of g and m.
1
Let y(v) be the first derivative of v**4/4 + v**3 - 2*v**2 + 2*v + 3. Let s be y(-4). Suppose 24 = 3*r - s*r. What is the highest common factor of 3 and r?
3
Let l(k) = k + 13. Let z be l(-10). Suppose -2*a + z*a = 36. Calculate the highest common divisor of a and 4.
4
Suppose -4*u = -f + 4, f - u - 2 - 2 = 0. What is the highest common factor of f and 10?
2
Let s be ((-2)/4*3)/(9/(-12)). What is the highest common factor of 22 and s?
2
Let i = -101 + 200. What is the greatest common divisor of 11 and i?
11
Let b be 1 + 1 - (3 + -6). Suppose b*m = 3*s - 6*s + 400, -2*s + 395 = 5*m. Let q = 6 + 1. What is the greatest common factor of q and m?
7
Let i(w) = -w. Let s(c) = -4*c**2 - 6*c - 2. Let h(v) = 4*i(v) - s(v). Let j be h(3). Calculate the greatest common factor of 11 and j.
11
Let n(h) = 2*h**2 - 7*h - 9. Let g(a) = -a**2 + 1. Let k(s) = 3*g(s) + n(s). Let l be k(-4). What is the greatest common factor of 15 and l?
3
Let k be 4*(6 - 0 - 0). Let j = 10 - 4. What is the greatest common divisor of k and j?
6
Let p = -114 + 189. Calculate the greatest common divisor of p and 60.
15
Let q be (-48)/(-20)*20/(-6). Let h be -3*q/3 + -3. What is the greatest common divisor of 20 and h?
5
Let d(q) = q**3 + 6*q**2 - 7*q + 6. Let r be d(-7). Let w(s) = -s**3 + 7*s**2 - 4*s + 9. Let n be w(r). Calculate the greatest common divisor of n and 21.
21
Let k = 5 - 3. Suppose -z + 0 + 2 = k*l, 2*z - 3*l - 4 = 0. Let y be ((-1)/(-2))/(z/132). Calculate the greatest common divisor of 3 and y.
3
Suppose -4*g - 63 = -287. Suppose 5*r + 4*d - g = 0, 6*r = 2*r - d + 47. What is the greatest common factor of r and 18?
6
Let q(a) = 5*a**2 - 6*a - 7. Let b be q(-3). What is the highest common factor of 616 and b?
56
Let v(q) = -q**2 - 9*q + 6. Let l be v(-7). Suppose -2*i + l = -0*i. Calculate the greatest common factor of i and 2.
2
Let n be 2*14 - (-2 - -2). Calculate the highest common divisor of n and 70.
14
Let k = -232 + 372. Suppose 0*c = 4*c - k. Let j = -20 - -34. What is the greatest common factor of c and j?
7
Su